*t = -23, -3*t = 5*j + 53 - 11. Calculate c(j).
-10
Let w = -214 + 216. Let z(j) = -j + 28 - 3*j**2 - 2*j + w*j**2 - 24. What is z(2)?
-6
Let u be 22/4*150/15. Let j(b) = -u + 7*b**3 + 53 - 6*b**3. Let h = 2 + 0. Determine j(h).
6
Let b(q) be the second derivative of q**5/20 + 7*q**4/12 + 2*q**3/3 - 4*q**2 + 18*q. Let n be b(-6). Let m be 6/n + 4/8. Let g(k) = -6*k. Give g(m).
-12
Suppose -a - 4 = o - 3, -19 = -5*o + 3*a. Let p(q) = -q**o + 4*q**3 + 0 + 2 - 3*q**3. Suppose 3*i = 16*c - 24, 87*c - 92*c - 3*i - 24 = 0. What is p(c)?
2
Let h(f) = 36*f + 1159. Suppose 0 = -100*p + 2038 - 5238. Give h(p).
7
Let s(c) be the second derivative of c**5/10 + 13*c**4/6 + 23*c**3/6 - 19*c**2/2 + 5*c - 34. What is s(-12)?
-7
Suppose -2*n - 25*m = -23*m + 6, -m + 18 = -2*n. Let i(a) = -a**3 - 9*a**2 - 17*a. Determine i(n).
21
Let r(s) be the third derivative of s**6/30 + s**5/60 - s**4/12 + s**3/6 - 14*s**2. Suppose 0 = 5*o - 4*z - 0 - 5, 4*o - 4 = 3*z. What is r(o)?
4
Let l(d) = 5116*d - 10 - 10229*d + 5112*d. What is l(9)?
-19
Let f = 75 + -86. Let w(p) = 3*p**3 + 4*p**2 + 6*p + 1. Let d(x) = 5*x**3 + 7*x**2 + 11*x + 2. Let m(g) = f*w(g) + 6*d(g). What is m(-1)?
2
Suppose -19 = -17*k - 6*k - 111. Let t(u) = 2*u**3 + 9*u**2 + 6*u - 6. Calculate t(k).
-14
Suppose 5*r + 3*t + 36 = 0, 2*r = -3*t + 265 - 292. Let m(d) = 3*d - 15. Give m(r).
-24
Let n be (14/3 - 4)*(-49 - -46). Let s(a) = a**3 + 8*a**2 + 15*a - 4. Calculate s(n).
-10
Let g(j) = j - 6. Let w = -16285 - -16273. Give g(w).
-18
Suppose 5*b - 5*k - 55 = 0, -3*b - 284*k = -280*k - 40. Let l(a) = -3*a + 37. What is l(b)?
1
Let j(o) = -o**2 - 12*o - 19. Suppose 0 = 166*n - 145*n + 189. What is j(n)?
8
Let s(l) = -2*l**3 + 3*l + 2. Let z(j) = 3*j**3 + 9*j**2 + 8*j - 9. Let a(y) = s(y) + z(y). Give a(-7).
14
Suppose -5*p = 3*l + 2 - 14, -2*p - 4*l = -16. Suppose -13*h + 55 + 10 = p. Let r(y) = -y**3 + 6*y**2 - 4*y - 2. Give r(h).
3
Let c be (-6)/21 - 38/14. Let a(k) = 5*k**3 + 5*k**2 + 5*k + 34. Let n(h) = -11*h**3 - 11*h**2 - 10*h - 73. Let y(i) = -13*a(i) - 6*n(i). What is y(c)?
-7
Let f(m) = 2*m**2 + 0*m + m**3 - 81 + 21 - 16*m + 67. Determine f(-5).
12
Let g(f) be the third derivative of f**4/8 + 571*f**2. Suppose -l = -5*v + l + 14, 4 = -v - 3*l. Suppose v*s = -s - 6. Calculate g(s).
-6
Let f(q) = 2*q**2 - q + 3. Let w = 6 + -3. Let d be f(w). Let c = 20 - d. Let t(h) = -h**3 + 2*h**2 - h - 2. Determine t(c).
-4
Let g(c) = -c**2 - c + 5. Let v = -23 + 26. Suppose -v*y + 4 = -2*y. Suppose -5*r + 4*r - y = 0. Give g(r).
-7
Let f(g) be the first derivative of -15*g**2/2 + 73*g + 3280. Calculate f(8).
-47
Let j(z) = -z**2 - 4*z + 10. Let c be j(-6). Let x be 658/63 + c + (-14)/(-9). Let q(g) be the second derivative of g**3/6 - 6*g**2 - 2*g. Determine q(x).
-2
Let o(q) = q**3 + 7*q**2 + 6*q + 1. Let g be o(-6). Let t(v) = v**2 - 2*v - 10*v**2 - 198 + 103 + 96. What is t(g)?
-10
Let p(q) = q**2 + 2*q - 323. Let w be p(17). Let x(j) be the third derivative of w*j**4 + 1/20*j**5 + 0*j + 1/6*j**3 + 0 + 4*j**2. Calculate x(1).
4
Let i(u) = -46*u - 1. Let d = 7674 + -7673. What is i(d)?
-47
Let x(d) = d - 13 - 5*d**3 - d**2 + 2 + 4*d**3. Let g be (4/(-10)*14)/((-14)/35). Let w(t) = -t + 14. Let n be w(g). Determine x(n).
-11
Let b be (-3)/12 - 132/(-16). Suppose b*l - 11*l = -21. Let v(c) be the second derivative of c**4/12 - c**3 + c**2/2 + 4*c - 1. Determine v(l).
8
Suppose 85 + 15 = 20*m. Let a(t) = -9*t**2 - 5*t - 9. Let h(j) = 11*j**2 + 6*j + 10. Let q(i) = m*a(i) + 4*h(i). Calculate q(0).
-5
Let x(v) = -v**3 + 2*v**2 + 2*v + 2. Let o = -2 + 1. Let t(h) = 3*h**2 - 19601644*h + 19601644*h. Let p be t(o). Give x(p).
-1
Let j(d) = -6*d**2 - 776*d - 256. Let r be j(-129). Let p(v) be the first derivative of v**3 + v**2 - 2*v - 3. Determine p(r).
14
Let c(r) = 2*r**2 - 2*r - 2. Let f be c(-2). Suppose -2 = 4*b - f. Let x(n) = -7*n**b + 6*n**2 - 8*n + 3*n - 1. Determine x(-4).
3
Let p(r) = -r**2 - 8*r + 30. Suppose 2*m - 8*j + 28 = 0, 0 = -13*j + 14*j - 1. What is p(m)?
10
Let w = -11 - -16. Let x = -44 - -58. Let q(o) = 9 - 46 + 4*o + x + 17. Calculate q(w).
14
Let h be 1/4 + (-69)/(-12). Let z(m) = -10*m**3 + 8*m**2 - 13*m + 3. Let k(n) = -17*n**3 + 13*n**2 - 23*n + 5. Let r(u) = 7*k(u) - 12*z(u). Determine r(h).
5
Let u(m) be the first derivative of 6*m**2 + 7*m + 14023. Give u(16).
199
Let i(m) be the first derivative of -m**2/2 + 57*m + 495. Give i(-12).
69
Let i(l) = 2*l - 2. Let j(b) = 4*b - 4. Let q(d) = 5*i(d) - 2*j(d). Suppose 152 = 120*p - 448. What is q(p)?
8
Suppose 47 - 81 - 200 = -78*s. Let p(z) = -21*z + 67. Give p(s).
4
Let w(m) = m**3 - 4*m**2 - m + 4. Suppose 5*n - g = 4*g + 25, -5*n + 4*g = -24. Suppose 2*u - n = -4*v + 2*v, -6 = -v + u. Determine w(v).
0
Let t = 2175 - 2171. Let u(g) = -g**3 + 5*g**2 - 4*g + 3. Give u(t).
3
Let d(q) = -3*q**3 + q**2 + 2*q + 1. Let f be (-4)/(-2) + -1 - 33/(-33). What is d(f)?
-15
Let a(d) = -5*d**2 + d + d**3 + 6090 - 3*d - 6091 - d. What is a(6)?
17
Let k(h) = -6*h + 11. Let g(x) be the first derivative of x**2/2 - x + 56. Let n(i) = -5*g(i) - k(i). What is n(5)?
-1
Let d(x) = -67*x + 0*x + 32*x + 17*x - 122 + 10*x. Calculate d(-16).
6
Let k = 5 + 3. Let m(q) be the second derivative of -3 + 2/3*q**4 - 16*q + 7/2*q**2 - 1/20*q**5 + 0*q**3. What is m(k)?
7
Let k(f) = -f**3 + 5*f**2 + 3*f - 9. Let m be 17 + (-1)/((-6)/30*-5). Suppose -m*p = -30 - 66. Determine k(p).
-27
Let j(i) be the second derivative of 33*i - 1/6*i**3 + 4*i**2 + 0. Determine j(9).
-1
Let q be ((24/14)/((-390)/1365))/(-2). Let d(t) = 2 - 2*t**2 + 1 + t**2. Give d(q).
-6
Suppose -a = y - 6 - 2, -4*a + 12 = 2*y. Suppose -14 = -4*d + 3*t, 4*d - 2*t - y = 2. Let b(c) = 8*c**3 + 3 + c + 3*c**2 + d*c - 4 - 7*c**3. Give b(-3).
-10
Let r(d) be the first derivative of 10*d**3/3 + 6*d - 41. Let p(k) = 22*k**2 - k + 13. Let g(l) = -6*p(l) + 13*r(l). What is g(4)?
-8
Let w(a) = -225727*a + 5 - 2 + 225738*a + 2*a**2. Determine w(-5).
-2
Let i(f) be the second derivative of -f**4/12 - 4*f**3/3 - 9*f**2/2 + 169*f + 2. Let l = 145 + -152. Determine i(l).
-2
Let f = 6 - 2. Let c(y) = 168*y + 174*y - 337*y + 17*y**2 - 18*y**2. Determine c(f).
4
Let f(c) be the second derivative of -c**4/6 - 5*c**3/2 + 119*c**2 + 2*c - 15. Let a(z) be the first derivative of f(z). Calculate a(-5).
5
Suppose 101*g = -15*g + 232. Suppose -5*w = -5, -3*f + 23 = f - 5*w. Let p(h) = 8 + 3*h - 9*h - h**g + f*h. Give p(0).
8
Let j be ((-6)/7)/(((-3)/(-9))/(70/(-30))). Suppose 0 = -2*o + 6 - 0. Suppose 6*m - o*m = -j, 2*m = v - 2. Let u(w) = -w**2 + 2. Calculate u(v).
-2
Let s = 8331 + -8325. Let q(h) = -2*h**2 - 6*h - 3*h**2 - 6 + 6*h**2 + 0*h**2. Calculate q(s).
-6
Let w = -2 - -4. Let j(p) be the second derivative of -1/6*p**3 - 2*p - 19 + p**2. Calculate j(w).
0
Suppose l - 11 = -4*g, 38*g - 34*g = -2*l + 10. Let h(x) = -11*x**2 + 7*x + 6. What is h(l)?
-12
Let a be 1 + 1/((-1)/(-2)). Let h(c) = -6*c**2 + 22*c + 36. Let v(b) = -5*b**2 + 19*b + 28. Let d(l) = -4*h(l) + 5*v(l). What is d(a)?
8
Let g(p) be the third derivative of p**6/15 + p**5/30 - p**4/12 - p**3/2 + 20*p**2 + 20. What is g(-2)?
-55
Let c = 317 - 312. Let y(k) = 5*k**2 + 34*k + 10. Let j(w) = -3*w**2 - 23*w - 6. Let i(b) = c*y(b) + 8*j(b). Calculate i(13).
-11
Let u = 28 - 30. Let l(d) be the second derivative of -d**5/20 - d**4/3 - d**3/2 - 3*d**2/2 - 3*d - 2. Calculate l(u).
-5
Let d = -3884 - -3876. Let r(f) = -2*f**3 - 17*f**2 - 8*f + 13. Determine r(d).
13
Let z(g) be the first derivative of -g**2/2 - 15*g + 246. Suppose 5*h + 10 = 3*h. Let i(o) = o + 5. Let c be i(h). Determine z(c).
-15
Let i(u) = -27*u**2 - 249*u - 5. Let k be i(-10). Let o = k - -232. Let r(f) = f**3 - 18*f**2 + 16*f + 17. Determine r(o).
0
Let b = 173/5 + -627/20. Let p(j) be the first derivative of 2 + b*j**4 - 1/3*j**3 + j - 1/2*j**2. What is p(1)?
12
Suppose -5*y = -24*z + 12*z + 105, 3*z - 51 = 4*y. Let a = 2 - -5. Let u(r) = 0*r**3 + r**3 - 4*r**2 - r**2 + a. Give u(z).
7
Let l(i) = -i + 33. Suppose -b = m - 4*m + 236, 4*b + 312 = 4*m. Let k = 79 - m. Give l(k).
33
Let f(w) = -w**3 - w. Let u(q) = -q**2 - q - 1. Let i = -512 - -513. Let r(o) = i*f(o) - 3*u(o). Give r(3).
9
Let z(h) = 274*h + 737. Let q(j) = 436*j + 1105. Let m(s) = -5*q(s) + 8*z(s). Calculate m(-31).
-1
Let b